ainder when 78 is divided by 74?
4
Calculate the remainder when 119 is divided by 29.
3
What is the remainder when 237 is divided by 83?
71
What is the remainder when 525 is divided by 80?
45
Calculate the remainder when 104 is divided by 36.
32
What is the remainder when 274 is divided by 53?
9
Calculate the remainder when 141 is divided by 45.
6
Calculate the remainder when 501 is divided by 119.
25
What is the remainder when 24 is divided by 11?
2
What is the remainder when 63 is divided by 58?
5
What is the remainder when 2906 is divided by 153?
152
Calculate the remainder when 1163 is divided by 18.
11
Calculate the remainder when 1739 is divided by 573.
20
Calculate the remainder when 93 is divided by 20.
13
Calculate the remainder when 1365 is divided by 19.
16
What is the remainder when 1324 is divided by 46?
36
What is the remainder when 11812 is divided by 211?
207
Calculate the remainder when 98 is divided by 33.
32
Calculate the remainder when 206 is divided by 3.
2
Calculate the remainder when 139 is divided by 29.
23
Calculate the remainder when 585 is divided by 7.
4
What is the remainder when 93 is divided by 25?
18
What is the remainder when 1034 is divided by 6?
2
What is the remainder when 2599 is divided by 2?
1
Calculate the remainder when 551 is divided by 243.
65
What is the remainder when 206 is divided by 41?
1
What is the remainder when 2368 is divided by 15?
13
What is the remainder when 34778 is divided by 235?
233
What is the remainder when 1174 is divided by 14?
12
What is the remainder when 221 is divided by 56?
53
What is the remainder when 2552 is divided by 21?
11
What is the remainder when 100 is divided by 92?
8
Calculate the remainder when 29 is divided by 14.
1
Calculate the remainder when 333 is divided by 21.
18
Calculate the remainder when 488 is divided by 15.
8
What is the remainder when 96 is divided by 45?
6
What is the remainder when 7564 is divided by 89?
88
What is the remainder when 519 is divided by 6?
3
Calculate the remainder when 913 is divided by 72.
49
Calculate the remainder when 2020 is divided by 199.
30
Calculate the remainder when 32 is divided by 20.
12
What is the remainder when 76 is divided by 40?
36
Calculate the remainder when 1519 is divided by 16.
15
What is the remainder when 29 is divided by 15?
14
Calculate the remainder when 1925 is divided by 248.
189
What is the remainder when 1303 is divided by 84?
43
What is the remainder when 222 is divided by 54?
6
Calculate the remainder when 16050 is divided by 23.
19
Calculate the remainder when 4536 is divided by 754.
12
Calculate the remainder when 38 is divided by 28.
10
Calculate the remainder when 29 is divided by 6.
5
Calculate the remainder when 33 is divided by 21.
12
Calculate the remainder when 268 is divided by 136.
132
Calculate the remainder when 383 is divided by 64.
63
What is the remainder when 9218 is divided by 61?
7
Calculate the remainder when 25 is divided by 9.
7
What is the remainder when 1024 is divided by 25?
24
Calculate the remainder when 107 is divided by 55.
52
What is the remainder when 391 is divided by 49?
48
Calculate the remainder when 130 is divided by 13.
0
What is the remainder when 314 is divided by 45?
44
Calculate the remainder when 2912 is divided by 62.
60
What is the remainder when 2013 is divided by 48?
45
Calculate the remainder when 77 is divided by 29.
19
Calculate the remainder when 197 is divided by 18.
17
Calculate the remainder when 1112 is divided by 124.
120
What is the remainder when 315 is divided by 54?
45
Calculate the remainder when 2046 is divided by 32.
30
What is the remainder when 9018 is divided by 13?
9
Calculate the remainder when 824 is divided by 55.
54
What is the remainder when 248 is divided by 18?
14
What is the remainder when 2829 is divided by 236?
233
What is the remainder when 1822 is divided by 87?
82
What is the remainder when 42 is divided by 10?
2
What is the remainder when 919 is divided by 9?
1
What is the remainder when 406 is divided by 383?
23
What is the remainder when 795 is divided by 40?
35
Calculate the remainder when 1535 is divided by 140.
135
Calculate the remainder when 4573 is divided by 14.
9
Calculate the remainder when 324 is divided by 65.
64
What is the remainder when 987 is divided by 5?
2
What is the remainder when 2156 is divided by 429?
11
Calculate the remainder when 63 is divided by 37.
26
Calculate the remainder when 1113 is divided by 12.
9
What is the remainder when 104 is divided by 27?
23
What is the remainder when 4117 is divided by 29?
28
Calculate the remainder when 463 is divided by 2.
1
What is the remainder when 431 is divided by 37?
24
What is the remainder when 148 is divided by 5?
3
What is the remainder when 51 is divided by 18?
15
What is the remainder when 845 is divided by 2?
1
What is the remainder when 372 is divided by 211?
161
What is the remainder when 214 is divided by 22?
16
What is the remainder when 2673 is divided by 26?
21
Calculate the remainder when 393 is divided by 66.
63
What is the remainder when 8467 is divided by 27?
16
Calculate the remainder when 10 is divided by 3.
1
What is the remainder when 39200 is divided by 33?
29
What is the remainder when 68 is divided by 39?
29
Calculate the remainder when 7207 is divided by 212.
211
Calculate the remainder when 191 is divided by 53.
32
Calculate the remainder when 890 is divided by 9.
8
What is the remainder when 3707 is divided by 103?
102
What is the remainder when 178 is divided by 56?
10
What is the remainder when 1133 is divided by 15?
8
What is the remainder when 329 is divided by 154?
21
What is the remainder when 276 is divided by 129?
18
What is the remainder when 1322 is divided by 84?
62
What is the remainder when 190 is divided by 49?
43
What is the remainder when 7513 is divided by 15?
13
Calculate the remainder when 118 is divided by 21.
13
Calculate the remainder when 129 is divided by 121.
8
Calculate the remainder when 361 is divided by 33.
31
Calculate the remainder when 1129 is divided by 18.
13
What is the remainder when 270 is divided by 21?
18
What is the remainder when 312 is divided by 103?
3
Calculate the remainder when 192 is divided by 33.
27
What is the remainder when 556 is divided by 18?
16
What is the remainder when 925 is divided by 69?
28
Calculate the remainder when 259 is divided by 79.
22
Calculate the remainder when 136 is divided by 23.
21
What is the remainder when 105 is divided by 27?
24
What is the remainder when 918 is divided by 301?
15
Calculate the remainder when 765 is divided by 64.
61
What is the remainder when 37 is divided by 13?
11
What is the remainder when 177 is divided by 18?
15
Calculate the remainder when 819 is divided by 318.
183
What is the remainder when 545 is divided by 527?
18
Calculate the remainder when 4398 is divided by 62.
58
What is the remainder when 1024 is divided by 130?
114
What is the remainder when 83 is divided by 21?
20
Calculate the remainder when 3482 is divided by 93.
41
Calculate the remainder when 880 is divided by 34.
30
What is the remainder when 42 is divided by 12?
6
Calculate the remainder when 527 is divided by 355.
172
What is the remainder when 443 is divided by 32?
27
Calculate the remainder when 422 is divided by 81.
17
What is the remainder when 3222 is divided by 34?
26
What is the remainder when 264 is divided by 69?
57
Calculate the remainder when 813 is divided by 76.
53
Calculate the remainder when 3366 is divided by 10.
6
Calculate the remainder when 2399 is divided by 8.
7
What is the remainder when 278 is divided by 2?
0
What is the remainder when 19684 is divided by 193?
191
Calculate the remainder when 7187 is divided by 9.
5
What is the remainder when 4035 is divided by 502?
19
What is the remainder when 105 is divided by 93?
12
What is the remainder when 643 is divided by 132?
115
What is the remainder when 1363 is divided by 31?
30
Calculate the remainder when 1520 is divided by 506.
2
What is the remainder when 377 is divided by 25?
2
What is the remainder when 252 is divided by 23?
22
Calculate the remainder when 693 is divided by 86.
5
What is the remainder when 4369 is divided by 4?
1
Calculate the remainder when 419 is divided b